
False
Is 571141 a prime number?
False
Is 8072969 a composite number?
True
Is 77627789 a prime number?
True
Is 92044391 prime?
False
Is 23349257 a prime number?
False
Is 1488787 prime?
True
Is 503062367 prime?
False
Is 41491033 prime?
False
Is 5134231 a prime number?
False
Is 519001 a prime number?
False
Is 661321 a prime number?
True
Is 7173785 prime?
False
Is 10715357 prime?
True
Is 27875381 a prime number?
False
Is 12333549 prime?
False
Is 415231711 a composite number?
False
Is 4954457 a prime number?
True
Is 17125973 a prime number?
False
Is 260957 a composite number?
True
Is 3235027 a composite number?
False
Is 331343 prime?
False
Is 76946729 composite?
True
Is 74070431 a prime number?
True
Is 3629257 a composite number?
False
Is 429326 a prime number?
False
Is 151663931 a prime number?
True
Is 1808921 composite?
False
Is 19528913 composite?
True
Is 18062435 composite?
True
Is 58198601 composite?
False
Is 134064737 composite?
True
Is 750809 prime?
True
Is 28179821 a composite number?
False
Is 5924153 a composite number?
True
Is 11890037 a composite number?
True
Is 1854553 a composite number?
True
Is 3587 a composite number?
True
Is 4867843 a prime number?
True
Is 701507 composite?
False
Is 3408793 composite?
False
Is 248651497 a composite number?
False
Is 49523 prime?
True
Is 11783071 composite?
True
Is 33197601 a prime number?
False
Is 132454237 a prime number?
True
Is 50079823 a prime number?
False
Is 2731019 composite?
True
Is 1624277 a composite number?
False
Is 2258413 a prime number?
False
Is 7279207 prime?
False
Is 1964899 a prime number?
True
Is 1828973 a composite number?
False
Is 32302691 composite?
False
Is 1315355 prime?
False
Is 27029111 a composite number?
False
Is 196165933 composite?
False
Is 178883249 prime?
False
Is 92623291 prime?
True
Is 39104126 a prime number?
False
Is 74805757 composite?
True
Is 16749277 composite?
False
Is 13836499 a prime number?
True
Is 1525307993 a prime number?
False
Is 13446493 prime?
True
Is 26810467 prime?
False
Is 386588417 prime?
True
Is 3540947 a prime number?
False
Is 14597473 composite?
True
Is 5598283 prime?
True
Is 29264269 composite?
False
Is 22651373 a prime number?
True
Is 579104455 a prime number?
False
Is 194036383 a composite number?
False
Is 241159729 composite?
False
Is 525313 a prime number?
True
Is 71521711 prime?
False
Is 1038383 a composite number?
False
Is 4065979 a prime number?
True
Is 1302373 composite?
False
Is 196173443 a prime number?
False
Is 59173753 prime?
False
Is 288019349 a composite number?
False
Is 2932343 a prime number?
True
Is 56884283 a composite number?
True
Is 2330773 prime?
False
Is 47278687 composite?
True
Is 9829583 a composite number?
False
Is 19414511 composite?
False
Is 181261207 composite?
False
Is 31958297 a prime number?
False
Is 21661583 a composite number?
False
Is 43741897 a prime number?
False
Is 26985919 a composite number?
True
Is 11840873 composite?
True
Is 796940211 a prime number?
False
Is 100037447 a prime number?
False
Is 596161 a prime number?
False
Is 17739691 a prime number?
True
Is 103234865 a composite number?
True
Is 4661231 a composite number?
False
Is 4664419 a composite number?
False
Is 924743 composite?
False
Is 493472669 composite?
False
Is 12591517 a prime number?
False
Is 50517101 prime?
False
Is 4489939 composite?
True
Is 198238559 a prime number?
True
Is 71292073 a composite number?
False
Is 215643427 prime?
False
Is 106261 a prime number?
True
Is 35909669 a composite number?
True
Is 107317337 a prime number?
False
Is 8723291 a composite number?
True
Is 712219 a prime number?
True
Is 722519 composite?
True
Is 4581595 composite?
True
Is 1696325099 a composite number?
True
Is 14802218 a composite number?
True
Is 175403 composite?
False
Is 1950033 prime?
False
Is 26963827 a prime number?
False
Is 18505229 a composite number?
False
Is 78330403 a composite number?
False
Is 82674049 composite?
False
Is 2856947 a prime number?
False
Is 866683 composite?
False
Is 54954187 a prime number?
False
Is 17791691 composite?
False
Is 675810991 a prime number?
True
Is 75908719 a prime number?
False
Is 1480022 composite?
True
Is 1693529 composite?
False
Is 3003455573 composite?
False
Is 477647 a composite number?
True
Is 68730097 a composite number?
False
Is 8797837 a composite number?
True
Is 4331737 composite?
True
Is 8808073 composite?
False
Is 295769417 composite?
True
Is 911909 composite?
True
Is 339742603 composite?
True
Is 39325513 a prime number?
True
Is 107954251 prime?
True
Is 21706571 a composite number?
False
Is 27439849 composite?
True
Is 212057431 composite?
False
Is 589247 a composite number?
True
Is 276778427 a composite number?
False
Is 1047667 composite?
False
Is 15615267 a prime number?
False
Is 33973042 prime?
False
Is 2415593 composite?
False
Is 34934051 prime?
True
Is 1503233 a composite number?
False
Is 726252457 composite?
True
Is 29538338 a composite number?
True
Is 92850893 a prime number?
True
Is 6896811 a composite number?
True
Is 6943817 prime?
False
Is 1175611 prime?
False
Is 6853321 prime?
True
Is 460289 composite?
False
Is 65353 prime?
True
Is 11345827 a composite number?
False
Is 6824711 composite?
True
Is 20128679 composite?
False
Is 796709 prime?
True
Is 22621253 composite?
False
Is 64559861 a composite number?
True
Is 12573247 composite?
False
Is 5187986 a prime number?
False
Is 2324551 prime?
True
Is 55033129 a composite number?
False
Is 20328239 a composite number?
True
Is 1187141 a composite number?
False
Is 5156731 a prime number?
True
Is 5772781 prime?
False
Is 101491627 a prime number?
True
Is 2938459 composite?
True
Is 64108469 composite?
False
Is 2496887 a prime number?
True
Is 412597 prime?
False
Is 57094469 a prime number?
True
Is 9686479 a prime number?
False
Is 168649123 a composite number?
True
Is 25618763 prime?
False
Is 1000367 composite?
False
Is 51951 a composite number?
True
Is 224022299 a composite number?
True
Is 2355853 composite?
False
Is 130630079 a prime number?
True
Is 45727733 prime?
True
Is 35676607 a composite number?
False
Is 28159069 a composite number?
True
Is 880475807 prime?
False
Is 3510569 prime?
True
Is 56720091 a prime number?
False
Is 6564917 a composite number?
False
Is 443805247 composite?
True
Is 14136897 prime?
False
Is 117016513 prime?
True
Is 4219087 prime?
False
Is 6851503 prime?
True
Is 14667517 a composite number?
False
Is 458535997 prime?
False
Is 142969139 prime?
False
Is 3311687 a composite number?
True
Is 645939911 a prime number?
True
Is 187558381 a prime number?
False
Is 832189 prime?
True
Is 268399 prime?
False
Is 966527621 prime?
True
Is 19424329 composite?
False
Is 1168463 prime?
True
Is 2353753 prime?
False
Is 374219 composite?
False
Is 237405011 a composite number?
True
Is 522371 composite?
False
Is 10067747 a composite number?
True
Is 74858783 composite?
False
Is 12005239 composite?
True
Is 12213469 a prime number?
True
Is 13549421 a composite number?
False
Is 7303339 prime?
True
Is 23152667 composite?
True
Is 95226733 composite?
True
Is 21929429 a composite number?
True
Is 165180277 a prime number?
False
Is 20786527 a composite number?
False
Is 283291031 a prime number?
True
Is 5181037 composite?
True
Is 23311511 prime?
False
Is 1646165 a composite number?
True
Is 371737 composite?
False
Is 4440923 a prime number?
False
Is 40981723 composite?
True
Is 6720127 composite?
True
Is 1036669531 composite?
False
Is 2166877 a composite number?
False
Is 1457749 composite?
False
Is 93700921 a prime number?
False
Is 780799 a prime number?
True
Is 10753201 composite?
False
Is 1500923 a prime number?
False
Is 27292519 composite?
False
Is 13036271 a prime number?
True
Is 11252141 composite?
False
Is 7422749 composite?
True
Is 232003 a composite number?
False
Is 34670323 composite?
False
Is 99063079 prime?
False
Is 12549317 a prime number?
False
Is 6675649 a prime number?
True
Is 84534317 prime?
False
Is 16458289 a composite number?
False
Is 21873281 a composite number?
True
Is 192144481 prime?
True
Is 23900189 a composite number?
False
Is 100296457 prime?
False
Is 282981731 composite?
False
Is 224506 composite?
True
Is 10099255 prime?
False
Is 994807 a prime number?
False
Is 48401971 a composite number?
True
Is 21868013 prime?
True
Is 23738461 a compos